the thousands digit of 19213?
9
What is the millions digit of 5661654?
5
What is the tens digit of 2979691?
9
What is the hundreds digit of 2805283?
2
What is the hundred thousands digit of 1104779?
1
What is the millions digit of 1374008?
1
What is the millions digit of 8436231?
8
What is the hundred thousands digit of 522244?
5
What is the millions digit of 1550907?
1
What is the ten millions digit of 17107042?
1
What is the tens digit of 16030827?
2
What is the hundreds digit of 17866413?
4
What is the tens digit of 1191137?
3
What is the units digit of 17857?
7
What is the hundreds digit of 519585?
5
What is the hundreds digit of 1048102?
1
What is the units digit of 378332?
2
What is the tens digit of 105693?
9
What is the hundred thousands digit of 490803?
4
What is the units digit of 3357067?
7
What is the thousands digit of 12896898?
6
What is the tens digit of 4170616?
1
What is the ten thousands digit of 165396?
6
What is the millions digit of 4313572?
4
What is the ten thousands digit of 138232?
3
What is the hundred thousands digit of 28021790?
0
What is the ten thousands digit of 162095?
6
What is the thousands digit of 3404997?
4
What is the hundreds digit of 330077?
0
What is the units digit of 3460623?
3
What is the ten thousands digit of 106491?
0
What is the millions digit of 1270069?
1
What is the thousands digit of 808790?
8
What is the hundred thousands digit of 9205107?
2
What is the thousands digit of 539525?
9
What is the ten thousands digit of 642994?
4
What is the thousands digit of 2076821?
6
What is the hundreds digit of 7982078?
0
What is the thousands digit of 7164132?
4
What is the ten thousands digit of 31744?
3
What is the thousands digit of 58086?
8
What is the tens digit of 611753?
5
What is the hundreds digit of 475143?
1
What is the units digit of 9077358?
8
What is the hundreds digit of 101672?
6
What is the ten thousands digit of 317380?
1
What is the ten thousands digit of 539275?
3
What is the thousands digit of 153005?
3
What is the thousands digit of 8884670?
4
What is the hundred thousands digit of 934175?
9
What is the units digit of 949544?
4
What is the tens digit of 99167?
6
What is the units digit of 3974424?
4
What is the tens digit of 4854563?
6
What is the hundreds digit of 57252?
2
What is the thousands digit of 788688?
8
What is the ten thousands digit of 708859?
0
What is the hundreds digit of 1212058?
0
What is the hundreds digit of 197110?
1
What is the hundred thousands digit of 3045635?
0
What is the thousands digit of 564449?
4
What is the hundreds digit of 681887?
8
What is the tens digit of 443140?
4
What is the thousands digit of 11767063?
7
What is the ten thousands digit of 225725?
2
What is the ten millions digit of 35129405?
3
What is the ten thousands digit of 178940?
7
What is the hundred thousands digit of 4736610?
7
What is the hundreds digit of 3489616?
6
What is the ten thousands digit of 1245673?
4
What is the ten thousands digit of 203635?
0
What is the thousands digit of 779962?
9
What is the millions digit of 6487833?
6
What is the hundred thousands digit of 802404?
8
What is the millions digit of 3376789?
3
What is the ten millions digit of 11314947?
1
What is the units digit of 5938319?
9
What is the hundreds digit of 330200?
2
What is the tens digit of 6718846?
4
What is the units digit of 3855122?
2
What is the units digit of 61983?
3
What is the millions digit of 8842781?
8
What is the tens digit of 430028?
2
What is the thousands digit of 1144966?
4
What is the hundreds digit of 120162?
1
What is the tens digit of 12065886?
8
What is the thousands digit of 1401196?
1
What is the thousands digit of 17446910?
6
What is the thousands digit of 306704?
6
What is the units digit of 3029775?
5
What is the ten thousands digit of 957988?
5
What is the thousands digit of 691562?
1
What is the units digit of 586931?
1
What is the hundred thousands digit of 358568?
3
What is the hundreds digit of 903393?
3
What is the ten thousands digit of 204157?
0
What is the thousands digit of 8371274?
1
What is the hundreds digit of 99556?
5
What is the ten millions digit of 10934509?
1
What is the thousands digit of 192881?
2
What is the units digit of 86722?
2
What is the tens digit of 381722?
2
What is the units digit of 16553947?
7
What is the units digit of 2873496?
6
What is the thousands digit of 279173?
9
What is the hundreds digit of 9223798?
7
What is the hundred thousands digit of 1533817?
5
What is the tens digit of 193561?
6
What is the tens digit of 7393403?
0
What is the ten thousands digit of 706692?
0
What is the ten thousands digit of 6893936?
9
What is the units digit of 120727?
7
What is the thousands digit of 431126?
1
What is the tens digit of 44646977?
7
What is the hundred thousands digit of 360943?
3
What is the hundreds digit of 4759225?
2
What is the hundred thousands digit of 867939?
8
What is the millions digit of 2295309?
2
What is the hundred thousands digit of 409538?
4
What is the millions digit of 1019891?
1
What is the hundreds digit of 419248?
2
What is the hundreds digit of 41792?
7
What is the hundred thousands digit of 317487?
3
What is the ten thousands digit of 336298?
3
What is the hundreds digit of 182994?
9
What is the hundreds digit of 2647436?
4
What is the hundred thousands digit of 17745495?
7
What is the ten thousands digit of 1229825?
2
What is the units digit of 182988?
8
What is the units digit of 12844841?
1
What is the millions digit of 1111583?
1
What is the units digit of 245429?
9
What is the hundred thousands digit of 2832814?
8
What is the ten thousands digit of 7966931?
6
What is the hundred thousands digit of 4445781?
4
What is the tens digit of 7603630?
3
What is the millions digit of 6510199?
6
What is the hundreds digit of 297953?
9
What is the units digit of 327243?
3
What is the hundreds digit of 1933?
9
What is the millions digit of 1185304?
1
What is the thousands digit of 4510670?
0
What is the hundred thousands digit of 719332?
7
What is the thousands digit of 1713853?
3
What is the thousands digit of 14034806?
4
What is the tens digit of 1360069?
6
What is the hundreds digit of 7197270?
2
What is the tens digit of 151907?
0
What is the thousands digit of 877858?
7
What is the tens digit of 1600586?
8
What is the ten thousands digit of 438263?
3
What is the tens digit of 10634973?
7
What is the millions digit of 1593364?
1
What is the thousands digit of 2904641?
4
What is the thousands digit of 774384?
4
What is the ten millions digit of 20460129?
2
What is the hundreds digit of 14326758?
7
What is the hundreds digit of 461381?
3
What is the units digit of 1297343?
3
What is the hundreds digit of 57208?
2
What is the hundred thousands digit of 1870546?
8
What is the ten thousands digit of 888973?
8
What is the millions digit of 8482099?
8
What is the units digit of 1425154?
4
What is the units digit of 19420?
0
What is the hundred thousands digit of 7274174?
2
What is the hundred thousands digit of 6642656?
6
What is the tens digit of 38716814?
1
What is the thousands digit of 486018?
6
What is the hundred thousands digit of 796224?
7
What is the tens digit of 150990?
9
What is the millions digit of 7107172?
7
What is the units digit of 20783231?
1
What is the hundreds digit of 1095992?
9
What is the tens digit of 1930325?
2
What is the units digit of 243837?
7
What is the thousands digit of 1030028?
0
What is the millions digit of 6646501?
6
What is the hundreds digit of 1565678?
6
What is the ten thousands digit of 8541245?
4
What is the thousands digit of 30196?
0
What is the ten thousands digit of 2134725?
3
What is the hundreds digit of 3377435?
4
What is the tens digit of 688440?
4
What is the ten thousands digit of 10288822?
8
What is the hundreds digit of 86071?
0
What is the units digit of 1065736?
6
What is the tens digit of 18234154?
5
What is the tens digit of 961105?
0
What is the ten thousands digit of 11792189?
9
What is the hundreds digit of 3460559?
5
What is the units digit of 2245672?
2
What is the units digit of 376105?
5
What is the thousands digit of 39506795?
6
What is the units digit of 643418?
8
What is the tens digit of 6121200?
0
What is the tens digit of 5381438?
3
What is the hundred